CRAN Package Check Results for Package roll

Last updated on 2021-09-19 04:53:25 CEST.

Flavor Version Tinstall Tcheck Ttotal Status Flags
r-devel-linux-x86_64-debian-clang 1.1.6 59.39 30.24 89.63 NOTE
r-devel-linux-x86_64-debian-gcc 1.1.6 48.14 23.81 71.95 NOTE
r-devel-linux-x86_64-fedora-clang 1.1.6 127.44 NOTE
r-devel-linux-x86_64-fedora-gcc 1.1.6 124.74 NOTE
r-devel-windows-x86_64 1.1.6 54.00 67.00 121.00 NOTE
r-devel-windows-x86_64-gcc10-UCRT 1.1.6 ERROR
r-patched-linux-x86_64 1.1.6 56.41 29.71 86.12 NOTE
r-patched-solaris-x86 1.1.6 116.50 NOTE
r-release-linux-x86_64 1.1.6 54.00 29.36 83.36 NOTE
r-release-macos-arm64 1.1.6 NOTE
r-release-macos-x86_64 1.1.6 NOTE
r-release-windows-ix86+x86_64 1.1.6 136.00 66.00 202.00 NOTE
r-oldrel-macos-x86_64 1.1.6 NOTE
r-oldrel-windows-ix86+x86_64 1.1.6 130.00 63.00 193.00 NOTE

Check Details

Version: 1.1.6
Check: for GNU extensions in Makefiles
Result: NOTE
    GNU make is a SystemRequirements.
Flavors: r-devel-linux-x86_64-debian-clang, r-devel-linux-x86_64-debian-gcc, r-devel-linux-x86_64-fedora-clang, r-devel-linux-x86_64-fedora-gcc, r-devel-windows-x86_64, r-patched-linux-x86_64, r-patched-solaris-x86, r-release-linux-x86_64, r-release-macos-arm64, r-release-macos-x86_64, r-release-windows-ix86+x86_64, r-oldrel-macos-x86_64, r-oldrel-windows-ix86+x86_64

Version: 1.1.6
Check: whether package can be installed
Result: ERROR
    Installation failed.
Flavor: r-devel-windows-x86_64-gcc10-UCRT

Version: 1.1.6
Check: installed package size
Result: NOTE
     installed size is 7.4Mb
     sub-directories of 1Mb or more:
     libs 7.2Mb
Flavors: r-release-macos-arm64, r-release-macos-x86_64, r-oldrel-macos-x86_64