CRAN Package Check Results for Package roperators

Last updated on 2021-12-02 15:52:51 CET.

Flavor Version Tinstall Tcheck Ttotal Status Flags
r-devel-linux-x86_64-debian-clang 1.1.0 1.70 24.68 26.38 NOTE
r-devel-linux-x86_64-debian-gcc 1.1.0 1.65 19.25 20.90 NOTE
r-devel-linux-x86_64-fedora-clang 1.1.0 43.43 NOTE
r-devel-linux-x86_64-fedora-gcc 1.1.0 32.74 NOTE
r-devel-windows-x86_64-new-UL 1.1.0 7.00 63.00 70.00 NOTE
r-devel-windows-x86_64-new-TK 1.1.0 NOTE
r-devel-windows-x86_64-old 1.1.0 5.00 34.00 39.00 NOTE
r-patched-linux-x86_64 1.1.0 2.42 22.91 25.33 NOTE
r-patched-solaris-x86 1.1.0 48.30 NOTE
r-release-linux-x86_64 1.1.0 2.11 22.89 25.00 NOTE
r-release-macos-arm64 1.1.0 NOTE
r-release-macos-x86_64 1.1.0 NOTE
r-release-windows-ix86+x86_64 1.1.0 5.00 42.00 47.00 NOTE
r-oldrel-macos-x86_64 1.1.0 OK
r-oldrel-windows-ix86+x86_64 1.1.0 6.00 41.00 47.00 OK

Check Details

Version: 1.1.0
Check: LazyData
Result: NOTE
     'LazyData' is specified without a 'data' directory
Flavors: r-devel-linux-x86_64-debian-clang, r-devel-linux-x86_64-debian-gcc, r-devel-linux-x86_64-fedora-clang, r-devel-linux-x86_64-fedora-gcc, r-devel-windows-x86_64-new-UL, r-devel-windows-x86_64-new-TK, r-devel-windows-x86_64-old, r-patched-linux-x86_64, r-patched-solaris-x86, r-release-linux-x86_64, r-release-macos-arm64, r-release-macos-x86_64, r-release-windows-ix86+x86_64