CRAN Package Check Results for Package ropercenter

Last updated on 2021-09-27 16:50:28 CEST.

Flavor Version Tinstall Tcheck Ttotal Status Flags
r-devel-linux-x86_64-debian-clang 0.3.1 7.45 68.16 75.61 NOTE
r-devel-linux-x86_64-debian-gcc 0.3.1 5.97 49.97 55.94 NOTE
r-devel-linux-x86_64-fedora-clang 0.3.1 96.58 NOTE
r-devel-linux-x86_64-fedora-gcc 0.3.1 83.92 NOTE
r-devel-windows-x86_64 0.3.1 9.00 76.00 85.00 NOTE
r-devel-windows-x86_64-gcc10-UCRT 0.3.1 NOTE
r-patched-linux-x86_64 0.3.1 6.77 62.73 69.50 NOTE
r-patched-solaris-x86 0.3.1 128.50 NOTE
r-release-linux-x86_64 0.3.1 6.50 61.68 68.18 NOTE
r-release-macos-arm64 0.3.1 NOTE
r-release-macos-x86_64 0.3.1 NOTE
r-release-windows-ix86+x86_64 0.3.1 19.00 67.00 86.00 NOTE
r-oldrel-macos-x86_64 0.3.1 OK
r-oldrel-windows-ix86+x86_64 0.3.1 13.00 63.00 76.00 OK

Check Details

Version: 0.3.1
Check: LazyData
Result: NOTE
     'LazyData' is specified without a 'data' directory
Flavors: r-devel-linux-x86_64-debian-clang, r-devel-linux-x86_64-debian-gcc, r-devel-linux-x86_64-fedora-clang, r-devel-linux-x86_64-fedora-gcc, r-devel-windows-x86_64, r-devel-windows-x86_64-gcc10-UCRT, r-patched-linux-x86_64, r-patched-solaris-x86, r-release-linux-x86_64, r-release-macos-arm64, r-release-macos-x86_64, r-release-windows-ix86+x86_64

Version: 0.3.1
Check: Rd cross-references
Result: NOTE
    Undeclared package ‘readroper’ in Rd xrefs
Flavor: r-devel-linux-x86_64-fedora-clang