CRAN Package Check Results for Package roptions

Last updated on 2021-09-19 01:50:31 CEST.

Flavor Version Tinstall Tcheck Ttotal Status Flags
r-devel-linux-x86_64-debian-clang 1.0.3 7.47 62.34 69.81 NOTE
r-devel-linux-x86_64-debian-gcc 1.0.3 5.78 46.19 51.97 NOTE
r-devel-linux-x86_64-fedora-clang 1.0.3 89.25 NOTE
r-devel-linux-x86_64-fedora-gcc 1.0.3 79.06 NOTE
r-devel-windows-x86_64 1.0.3 10.00 91.00 101.00 NOTE
r-devel-windows-x86_64-gcc10-UCRT 1.0.3 NOTE
r-patched-linux-x86_64 1.0.3 7.33 57.95 65.28 NOTE
r-patched-solaris-x86 1.0.3 109.50 NOTE
r-release-linux-x86_64 1.0.3 6.04 57.75 63.79 NOTE
r-release-macos-arm64 1.0.3 NOTE
r-release-macos-x86_64 1.0.3 NOTE
r-release-windows-ix86+x86_64 1.0.3 16.00 67.00 83.00 NOTE
r-oldrel-macos-x86_64 1.0.3 OK
r-oldrel-windows-ix86+x86_64 1.0.3 18.00 68.00 86.00 OK

Check Details

Version: 1.0.3
Check: LazyData
Result: NOTE
     'LazyData' is specified without a 'data' directory
Flavors: r-devel-linux-x86_64-debian-clang, r-devel-linux-x86_64-debian-gcc, r-devel-linux-x86_64-fedora-clang, r-devel-linux-x86_64-fedora-gcc, r-devel-windows-x86_64, r-devel-windows-x86_64-gcc10-UCRT, r-patched-linux-x86_64, r-patched-solaris-x86, r-release-linux-x86_64, r-release-macos-arm64, r-release-macos-x86_64, r-release-windows-ix86+x86_64