CRAN Package Check Results for Package rotations

Last updated on 2021-09-28 22:52:19 CEST.

Flavor Version Tinstall Tcheck Ttotal Status Flags
r-devel-linux-x86_64-debian-clang 1.6.2 125.06 107.70 232.76 OK
r-devel-linux-x86_64-debian-gcc 1.6.2 86.36 79.81 166.17 OK
r-devel-linux-x86_64-fedora-clang 1.6.2 316.98 NOTE
r-devel-linux-x86_64-fedora-gcc 1.6.2 285.12 OK
r-devel-windows-x86_64 1.6.2 155.00 160.00 315.00 NOTE
r-devel-windows-x86_64-gcc10-UCRT 1.6.2 OK
r-patched-linux-x86_64 1.6.2 97.91 101.27 199.18 OK
r-patched-solaris-x86 1.6.2 308.20 NOTE
r-release-linux-x86_64 1.6.2 96.25 99.70 195.95 OK
r-release-macos-arm64 1.6.2 NOTE
r-release-macos-x86_64 1.6.2 NOTE
r-release-windows-ix86+x86_64 1.6.2 293.00 184.00 477.00 NOTE
r-oldrel-macos-x86_64 1.6.2 NOTE
r-oldrel-windows-ix86+x86_64 1.6.2 214.00 148.00 362.00 NOTE

Check Details

Version: 1.6.2
Check: installed package size
Result: NOTE
     installed size is 9.5Mb
     sub-directories of 1Mb or more:
     R 1.1Mb
     data 2.7Mb
     libs 5.1Mb
Flavors: r-devel-linux-x86_64-fedora-clang, r-devel-windows-x86_64, r-patched-solaris-x86, r-release-macos-arm64, r-release-macos-x86_64, r-release-windows-ix86+x86_64, r-oldrel-macos-x86_64, r-oldrel-windows-ix86+x86_64