CRAN Package Check Results for Package rpubs

Last updated on 2021-09-18 22:53:14 CEST.

Flavor Version Tinstall Tcheck Ttotal Status Flags
r-devel-linux-x86_64-debian-clang 0.2.2 2.18 29.03 31.21 NOTE
r-devel-linux-x86_64-debian-gcc 0.2.2 1.77 23.06 24.83 NOTE
r-devel-linux-x86_64-fedora-clang 0.2.2 46.40 NOTE
r-devel-linux-x86_64-fedora-gcc 0.2.2 35.55 NOTE
r-devel-windows-x86_64 0.2.2 4.00 55.00 59.00 NOTE
r-devel-windows-x86_64-gcc10-UCRT 0.2.2 NOTE
r-patched-linux-x86_64 0.2.2 2.03 28.10 30.13 NOTE
r-patched-solaris-x86 0.2.2 57.90 NOTE
r-release-linux-x86_64 0.2.2 2.06 27.82 29.88 NOTE
r-release-macos-arm64 0.2.2 NOTE
r-release-macos-x86_64 0.2.2 NOTE
r-release-windows-ix86+x86_64 0.2.2 6.00 41.00 47.00 NOTE
r-oldrel-macos-x86_64 0.2.2 OK
r-oldrel-windows-ix86+x86_64 0.2.2 6.00 45.00 51.00 OK

Check Details

Version: 0.2.2
Check: LazyData
Result: NOTE
     'LazyData' is specified without a 'data' directory
Flavors: r-devel-linux-x86_64-debian-clang, r-devel-linux-x86_64-debian-gcc, r-devel-linux-x86_64-fedora-clang, r-devel-linux-x86_64-fedora-gcc, r-devel-windows-x86_64, r-devel-windows-x86_64-gcc10-UCRT, r-patched-linux-x86_64, r-patched-solaris-x86, r-release-linux-x86_64, r-release-macos-arm64, r-release-macos-x86_64, r-release-windows-ix86+x86_64