Last updated on 2023-12-02 21:40:08 CET.
Flavor | Version | Tinstall | Tcheck | Ttotal | Status | Flags |
---|---|---|---|---|---|---|
r-devel-linux-x86_64-debian-clang | 1.7-4 | 24.06 | 188.36 | 212.42 | NOTE | |
r-devel-linux-x86_64-debian-gcc | 1.7-4 | 20.76 | 140.46 | 161.22 | NOTE | |
r-devel-linux-x86_64-fedora-clang | 1.7-4 | 285.27 | NOTE | |||
r-devel-linux-x86_64-fedora-gcc | 1.7-4 | 265.86 | NOTE | |||
r-devel-windows-x86_64 | 1.7-4 | 25.00 | 217.00 | 242.00 | NOTE | |
r-patched-linux-x86_64 | 1.7-4 | 33.09 | 181.27 | 214.36 | OK | |
r-release-linux-x86_64 | 1.7-4 | 24.45 | 180.99 | 205.44 | OK | |
r-release-macos-arm64 | 1.7-4 | 80.00 | OK | |||
r-release-macos-x86_64 | 1.7-4 | 203.00 | OK | |||
r-release-windows-x86_64 | 1.7-4 | 24.00 | 245.00 | 269.00 | OK | |
r-oldrel-macos-arm64 | 1.7-4 | 75.00 | OK | |||
r-oldrel-macos-x86_64 | 1.7-4 | 111.00 | OK | |||
r-oldrel-windows-x86_64 | 1.7-4 | 33.00 | 247.00 | 280.00 | OK |
Version: 1.7-4
Check: Rd \usage sections
Result: NOTE
Documented arguments not in \usage in Rd file 'rrcov-utils.Rd':
‘tol’ ‘sv’ ‘n’ ‘p’
Functions with \usage entries need to have the appropriate \alias
entries, and all their arguments documented.
The \usage entries must correspond to syntactically valid R code.
See chapter ‘Writing R documentation files’ in the ‘Writing R
Extensions’ manual.
Flavors: r-devel-linux-x86_64-debian-clang, r-devel-linux-x86_64-debian-gcc, r-devel-linux-x86_64-fedora-clang, r-devel-linux-x86_64-fedora-gcc, r-devel-windows-x86_64