CRAN Package Check Results for Package rrecsys

Last updated on 2021-09-23 04:56:44 CEST.

Flavor Version Tinstall Tcheck Ttotal Status Flags
r-devel-linux-x86_64-debian-clang 0.9.7.3.1 113.19 80.88 194.07 OK
r-devel-linux-x86_64-debian-gcc 0.9.7.3.1 65.74 60.65 126.39 OK
r-devel-linux-x86_64-fedora-clang 0.9.7.3.1 272.70 OK
r-devel-linux-x86_64-fedora-gcc 0.9.7.3.1 225.74 OK
r-devel-windows-x86_64 0.9.7.3.1 92.00 101.00 193.00 OK
r-devel-windows-x86_64-gcc10-UCRT 0.9.7.3.1 ERROR
r-patched-linux-x86_64 0.9.7.3.1 82.78 74.96 157.74 OK
r-patched-solaris-x86 0.9.7.3.1 255.50 OK
r-release-linux-x86_64 0.9.7.3.1 80.23 75.13 155.36 OK
r-release-macos-arm64 0.9.7.3.1 OK
r-release-macos-x86_64 0.9.7.3.1 OK
r-release-windows-ix86+x86_64 0.9.7.3.1 243.00 108.00 351.00 OK
r-oldrel-macos-x86_64 0.9.7.3.1 OK
r-oldrel-windows-ix86+x86_64 0.9.7.3.1 184.00 116.00 300.00 OK

Check Details

Version: 0.9.7.3.1
Check: whether package can be installed
Result: ERROR
    Installation failed.
Flavor: r-devel-windows-x86_64-gcc10-UCRT