CRAN Package Check Results for Package rscorecard

Last updated on 2021-09-26 01:50:04 CEST.

Flavor Version Tinstall Tcheck Ttotal Status Flags
r-devel-linux-x86_64-debian-clang 0.20.0 2.71 32.08 34.79 OK
r-devel-linux-x86_64-debian-gcc 0.20.0 2.54 25.14 27.68 OK
r-devel-linux-x86_64-fedora-clang 0.20.0 51.03 NOTE
r-devel-linux-x86_64-fedora-gcc 0.20.0 40.54 NOTE
r-devel-windows-x86_64 0.20.0 5.00 42.00 47.00 OK
r-devel-windows-x86_64-gcc10-UCRT 0.20.0 NOTE
r-patched-linux-x86_64 0.20.0 3.44 31.16 34.60 OK
r-patched-solaris-x86 0.20.0 61.40 NOTE
r-release-linux-x86_64 0.20.0 2.88 31.03 33.91 OK
r-release-macos-arm64 0.20.0 NOTE
r-release-macos-x86_64 0.20.0 NOTE
r-release-windows-ix86+x86_64 0.20.0 7.00 38.00 45.00 OK
r-oldrel-macos-x86_64 0.20.0 NOTE
r-oldrel-windows-ix86+x86_64 0.20.0 5.00 42.00 47.00 OK

Check Details

Version: 0.20.0
Check: dependencies in R code
Result: NOTE
    Namespace in Imports field not imported from: ‘tidyselect’
     All declared Imports should be used.
Flavors: r-devel-linux-x86_64-fedora-clang, r-devel-linux-x86_64-fedora-gcc, r-devel-windows-x86_64-gcc10-UCRT, r-patched-solaris-x86, r-release-macos-arm64, r-release-macos-x86_64, r-oldrel-macos-x86_64