CRAN Package Check Results for Package rsf

Last updated on 2021-11-30 09:54:08 CET.

Flavor Version Tinstall Tcheck Ttotal Status Flags
r-devel-linux-x86_64-debian-clang 0.2.2 2.19 20.07 22.26 NOTE
r-devel-linux-x86_64-debian-gcc 0.2.2 1.65 15.85 17.50 NOTE
r-devel-linux-x86_64-fedora-clang 0.2.2 38.08 NOTE
r-devel-linux-x86_64-fedora-gcc 0.2.2 26.94 NOTE
r-devel-windows-x86_64-new-UL 0.2.2 8.00 57.00 65.00 NOTE
r-devel-windows-x86_64-new-TK 0.2.2 NOTE
r-devel-windows-x86_64-old 0.2.2 7.00 32.00 39.00 NOTE
r-patched-linux-x86_64 0.2.2 2.43 19.25 21.68 NOTE
r-patched-solaris-x86 0.2.2 45.90 NOTE
r-release-linux-x86_64 0.2.2 2.08 19.06 21.14 NOTE
r-release-macos-arm64 0.2.2 NOTE
r-release-macos-x86_64 0.2.2 NOTE
r-release-windows-ix86+x86_64 0.2.2 6.00 28.00 34.00 NOTE
r-oldrel-macos-x86_64 0.2.2 OK
r-oldrel-windows-ix86+x86_64 0.2.2 5.00 36.00 41.00 OK

Check Details

Version: 0.2.2
Check: LazyData
Result: NOTE
     'LazyData' is specified without a 'data' directory
Flavors: r-devel-linux-x86_64-debian-clang, r-devel-linux-x86_64-debian-gcc, r-devel-linux-x86_64-fedora-clang, r-devel-linux-x86_64-fedora-gcc, r-devel-windows-x86_64-new-UL, r-devel-windows-x86_64-new-TK, r-devel-windows-x86_64-old, r-patched-linux-x86_64, r-patched-solaris-x86, r-release-linux-x86_64, r-release-macos-arm64, r-release-macos-x86_64, r-release-windows-ix86+x86_64