CRAN Package Check Results for Package rsinaica

Last updated on 2024-03-05 09:53:07 CET.

Flavor Version Tinstall Tcheck Ttotal Status Flags
r-devel-linux-x86_64-debian-clang 1.0.0 4.88 55.68 60.56 OK
r-devel-linux-x86_64-debian-gcc 1.0.0 4.63 43.38 48.01 OK
r-devel-linux-x86_64-fedora-clang 1.0.0 77.32 NOTE
r-devel-linux-x86_64-fedora-gcc 1.0.0 74.04 NOTE
r-devel-windows-x86_64 1.0.0 7.00 63.00 70.00 OK
r-patched-linux-x86_64 1.0.0 7.00 53.36 60.36 OK
r-release-linux-x86_64 1.0.0 6.39 52.94 59.33 OK
r-release-macos-arm64 1.0.0 37.00 OK
r-release-macos-x86_64 1.0.0 63.00 OK
r-release-windows-x86_64 1.0.0 8.00 67.00 75.00 OK
r-oldrel-macos-arm64 1.0.0 39.00 OK
r-oldrel-windows-x86_64 1.0.0 9.00 73.00 82.00 OK

Check Details

Version: 1.0.0
Check: data for non-ASCII characters
Result: NOTE Note: found 606 marked UTF-8 strings Flavors: r-devel-linux-x86_64-fedora-clang, r-devel-linux-x86_64-fedora-gcc