CRAN Package Check Results for Package rsppfp

Last updated on 2024-07-21 16:52:22 CEST.

Flavor Version Tinstall Tcheck Ttotal Status Flags
r-devel-linux-x86_64-debian-clang 1.0.4 6.33 69.49 75.82 NOTE
r-devel-linux-x86_64-debian-gcc 1.0.4 4.63 52.05 56.68 NOTE
r-devel-linux-x86_64-fedora-clang 1.0.4 94.41 NOTE
r-devel-linux-x86_64-fedora-gcc 1.0.4 102.05 NOTE
r-devel-windows-x86_64 1.0.4 8.00 85.00 93.00 NOTE
r-patched-linux-x86_64 1.0.4 5.98 64.20 70.18 NOTE
r-release-linux-x86_64 1.0.4 4.27 65.71 69.98 NOTE
r-release-macos-arm64 1.0.4 52.00 NOTE
r-release-macos-x86_64 1.0.4 75.00 NOTE
r-release-windows-x86_64 1.0.4 6.00 84.00 90.00 NOTE
r-oldrel-macos-arm64 1.0.4 46.00 NOTE
r-oldrel-macos-x86_64 1.0.4 64.00 NOTE
r-oldrel-windows-x86_64 1.0.4 8.00 98.00 106.00 NOTE

Check Details

Version: 1.0.4
Check: LazyData
Result: NOTE 'LazyData' is specified without a 'data' directory Flavors: r-devel-linux-x86_64-debian-clang, r-devel-linux-x86_64-debian-gcc, r-devel-linux-x86_64-fedora-clang, r-devel-linux-x86_64-fedora-gcc, r-devel-windows-x86_64, r-patched-linux-x86_64, r-release-linux-x86_64, r-release-macos-arm64, r-release-macos-x86_64, r-release-windows-x86_64, r-oldrel-macos-arm64, r-oldrel-macos-x86_64, r-oldrel-windows-x86_64