CRAN Package Check Results for Package rsppfp

Last updated on 2021-09-26 04:50:44 CEST.

Flavor Version Tinstall Tcheck Ttotal Status Flags
r-devel-linux-x86_64-debian-clang 1.0.4 4.16 63.56 67.72 NOTE
r-devel-linux-x86_64-debian-gcc 1.0.4 3.77 47.73 51.50 NOTE
r-devel-linux-x86_64-fedora-clang 1.0.4 90.28 NOTE
r-devel-linux-x86_64-fedora-gcc 1.0.4 77.74 NOTE
r-devel-windows-x86_64 1.0.4 6.00 83.00 89.00 NOTE
r-devel-windows-x86_64-gcc10-UCRT 1.0.4 NOTE
r-patched-linux-x86_64 1.0.4 4.45 62.48 66.93 NOTE
r-patched-solaris-x86 1.0.4 145.50 NOTE
r-release-linux-x86_64 1.0.4 4.70 62.08 66.78 NOTE
r-release-macos-arm64 1.0.4 NOTE
r-release-macos-x86_64 1.0.4 NOTE
r-release-windows-ix86+x86_64 1.0.4 13.00 83.00 96.00 NOTE
r-oldrel-macos-x86_64 1.0.4 OK
r-oldrel-windows-ix86+x86_64 1.0.4 8.00 79.00 87.00 OK

Check Details

Version: 1.0.4
Check: LazyData
Result: NOTE
     'LazyData' is specified without a 'data' directory
Flavors: r-devel-linux-x86_64-debian-clang, r-devel-linux-x86_64-debian-gcc, r-devel-linux-x86_64-fedora-clang, r-devel-linux-x86_64-fedora-gcc, r-devel-windows-x86_64, r-devel-windows-x86_64-gcc10-UCRT, r-patched-linux-x86_64, r-patched-solaris-x86, r-release-linux-x86_64, r-release-macos-arm64, r-release-macos-x86_64, r-release-windows-ix86+x86_64