CRAN Package Check Results for Package rstatix

Last updated on 2024-03-04 09:48:27 CET.

Flavor Version Tinstall Tcheck Ttotal Status Flags
r-devel-linux-x86_64-debian-clang 0.7.2 10.69 145.58 156.27 NOTE
r-devel-linux-x86_64-debian-gcc 0.7.2 10.26 108.89 119.15 NOTE
r-devel-linux-x86_64-fedora-clang 0.7.2 196.10 NOTE
r-devel-linux-x86_64-fedora-gcc 0.7.2 184.57 NOTE
r-devel-windows-x86_64 0.7.2 12.00 133.00 145.00 NOTE
r-patched-linux-x86_64 0.7.2 15.75 140.44 156.19 OK
r-release-linux-x86_64 0.7.2 8.52 143.63 152.15 OK
r-release-macos-arm64 0.7.2 63.00 OK
r-release-macos-x86_64 0.7.2 98.00 NOTE
r-release-windows-x86_64 0.7.2 17.00 168.00 185.00 OK
r-oldrel-macos-arm64 0.7.2 65.00 OK
r-oldrel-windows-x86_64 0.7.2 17.00 156.00 173.00 OK

Check Details

Version: 0.7.2
Check: Rd files
Result: NOTE checkRd: (-1) box_m.Rd:19: Lost braces in \itemize; \value handles \item{}{} directly checkRd: (-1) box_m.Rd:20: Lost braces in \itemize; \value handles \item{}{} directly checkRd: (-1) box_m.Rd:21: Lost braces in \itemize; \value handles \item{}{} directly checkRd: (-1) box_m.Rd:22: Lost braces in \itemize; \value handles \item{}{} directly checkRd: (-1) wilcox_test.Rd:91: Lost braces; missing escapes or markup? 91 | distribution of \code{(u+v)/2}, where \code{u} and {v} are independent, each | ^ Flavors: r-devel-linux-x86_64-debian-clang, r-devel-linux-x86_64-debian-gcc, r-devel-linux-x86_64-fedora-clang, r-devel-linux-x86_64-fedora-gcc, r-devel-windows-x86_64

Version: 0.7.2
Check: package dependencies
Result: NOTE Package suggested but not available for checking: ‘ggpubr’ Flavor: r-release-macos-x86_64