CRAN Package Check Results for Package rsvg

Last updated on 2024-02-22 15:49:31 CET.

Flavor Version Tinstall Tcheck Ttotal Status Flags
r-devel-linux-x86_64-debian-clang 2.6.0 OK
r-devel-linux-x86_64-debian-gcc 2.6.0 2.52 25.03 27.55 OK
r-devel-linux-x86_64-fedora-clang 2.6.0 49.94 OK
r-devel-linux-x86_64-fedora-gcc 2.6.0 59.18 OK
r-devel-windows-x86_64 2.6.0 27.00 223.00 250.00 NOTE
r-patched-linux-x86_64 2.6.0 3.88 31.98 35.86 OK
r-release-linux-x86_64 2.6.0 3.72 32.21 35.93 OK
r-release-macos-arm64 2.6.0 43.00 NOTE
r-release-macos-x86_64 2.6.0 92.00 NOTE
r-release-windows-x86_64 2.6.0 28.00 273.00 301.00 NOTE
r-oldrel-macos-arm64 2.6.0 43.00 NOTE
r-oldrel-windows-x86_64 2.6.0 28.00 206.00 234.00 NOTE

Check Details

Version: 2.6.0
Check: installed package size
Result: NOTE installed size is 19.1Mb sub-directories of 1Mb or more: libs 18.6Mb Flavors: r-devel-windows-x86_64, r-release-macos-arm64, r-release-macos-x86_64, r-release-windows-x86_64, r-oldrel-macos-arm64, r-oldrel-windows-x86_64