CRAN Package Check Results for Package rticles

Last updated on 2021-10-16 13:52:38 CEST.

Flavor Version Tinstall Tcheck Ttotal Status Flags
r-devel-linux-x86_64-debian-clang 0.21 4.00 31.79 35.79 NOTE
r-devel-linux-x86_64-debian-gcc 0.21 3.12 24.28 27.40 NOTE
r-devel-linux-x86_64-fedora-clang 0.21 51.62 NOTE
r-devel-linux-x86_64-fedora-gcc 0.21 40.66 NOTE
r-devel-windows-x86_64 0.21 7.00 37.00 44.00 NOTE
r-devel-windows-x86_64-gcc10-UCRT 0.21 NOTE
r-patched-linux-x86_64 0.21 4.65 29.75 34.40 NOTE
r-patched-solaris-x86 0.21 65.80 NOTE
r-release-linux-x86_64 0.21 4.12 29.97 34.09 NOTE
r-release-macos-arm64 0.21 NOTE
r-release-macos-x86_64 0.21 NOTE
r-release-windows-ix86+x86_64 0.21 8.00 46.00 54.00 NOTE
r-oldrel-macos-x86_64 0.21 NOTE
r-oldrel-windows-ix86+x86_64 0.21 8.00 49.00 57.00 NOTE

Check Details

Version: 0.21
Check: for GNU extensions in Makefiles
Result: NOTE
    GNU make is a SystemRequirements.
Flavors: r-devel-linux-x86_64-debian-clang, r-devel-linux-x86_64-debian-gcc, r-devel-linux-x86_64-fedora-clang, r-devel-linux-x86_64-fedora-gcc, r-devel-windows-x86_64, r-devel-windows-x86_64-gcc10-UCRT, r-patched-linux-x86_64, r-patched-solaris-x86, r-release-linux-x86_64, r-release-macos-arm64, r-release-macos-x86_64, r-release-windows-ix86+x86_64, r-oldrel-macos-x86_64, r-oldrel-windows-ix86+x86_64

Version: 0.21
Check: installed package size
Result: NOTE
     installed size is 6.0Mb
     sub-directories of 1Mb or more:
     rmarkdown 5.8Mb
Flavors: r-devel-linux-x86_64-fedora-clang, r-devel-windows-x86_64, r-patched-solaris-x86, r-release-macos-arm64, r-release-macos-x86_64, r-release-windows-ix86+x86_64, r-oldrel-macos-x86_64, r-oldrel-windows-ix86+x86_64