CRAN Package Check Results for Package rwfec

Last updated on 2021-09-20 22:55:50 CEST.

Flavor Version Tinstall Tcheck Ttotal Status Flags
r-devel-linux-x86_64-debian-clang 0.2 24.14 25.60 49.74 NOTE
r-devel-linux-x86_64-debian-gcc 0.2 13.70 20.23 33.93 NOTE
r-devel-linux-x86_64-fedora-clang 0.2 78.10 NOTE
r-devel-linux-x86_64-fedora-gcc 0.2 59.36 NOTE
r-devel-windows-x86_64 0.2 27.00 42.00 69.00 NOTE
r-devel-windows-x86_64-gcc10-UCRT 0.2 ERROR
r-patched-linux-x86_64 0.2 17.28 24.77 42.05 NOTE
r-patched-solaris-x86 0.2 71.50 NOTE
r-release-linux-x86_64 0.2 18.76 24.58 43.34 NOTE
r-release-macos-arm64 0.2 NOTE
r-release-macos-x86_64 0.2 NOTE
r-release-windows-ix86+x86_64 0.2 57.00 53.00 110.00 NOTE
r-oldrel-macos-x86_64 0.2 OK
r-oldrel-windows-ix86+x86_64 0.2 56.00 53.00 109.00 OK

Check Details

Version: 0.2
Check: LazyData
Result: NOTE
     'LazyData' is specified without a 'data' directory
Flavors: r-devel-linux-x86_64-debian-clang, r-devel-linux-x86_64-debian-gcc, r-devel-linux-x86_64-fedora-clang, r-devel-linux-x86_64-fedora-gcc, r-devel-windows-x86_64, r-patched-linux-x86_64, r-patched-solaris-x86, r-release-linux-x86_64, r-release-macos-arm64, r-release-macos-x86_64, r-release-windows-ix86+x86_64

Version: 0.2
Check: compiled code
Result: NOTE
    File ‘rwfec/libs/rwfec.so’:
     Found no calls to: ‘R_registerRoutines’, ‘R_useDynamicSymbols’
    
    It is good practice to register native routines and to disable symbol
    search.
    
    See ‘Writing portable packages’ in the ‘Writing R Extensions’ manual.
Flavors: r-devel-linux-x86_64-fedora-clang, r-devel-linux-x86_64-fedora-gcc

Version: 0.2
Check: whether package can be installed
Result: ERROR
    Installation failed.
Flavor: r-devel-windows-x86_64-gcc10-UCRT