CRAN Package Check Results for Package sGMRFmix

Last updated on 2021-09-22 13:53:04 CEST.

Flavor Version Tinstall Tcheck Ttotal Status Flags
r-devel-linux-x86_64-debian-clang 0.3.0 5.70 645.60 651.30 NOTE
r-devel-linux-x86_64-debian-gcc 0.3.0 4.41 393.06 397.47 NOTE
r-devel-linux-x86_64-fedora-clang 0.3.0 701.47 NOTE
r-devel-linux-x86_64-fedora-gcc 0.3.0 694.98 NOTE
r-devel-windows-x86_64 0.3.0 8.00 500.00 508.00 NOTE
r-devel-windows-x86_64-gcc10-UCRT 0.3.0 ERROR
r-patched-linux-x86_64 0.3.0 5.18 579.74 584.92 NOTE
r-patched-solaris-x86 0.3.0 831.10 NOTE
r-release-linux-x86_64 0.3.0 4.67 582.38 587.05 NOTE
r-release-macos-arm64 0.3.0 NOTE
r-release-macos-x86_64 0.3.0 NOTE
r-release-windows-ix86+x86_64 0.3.0 14.00 498.00 512.00 NOTE
r-oldrel-macos-x86_64 0.3.0 OK
r-oldrel-windows-ix86+x86_64 0.3.0 10.00 485.00 495.00 OK

Check Details

Version: 0.3.0
Check: LazyData
Result: NOTE
     'LazyData' is specified without a 'data' directory
Flavors: r-devel-linux-x86_64-debian-clang, r-devel-linux-x86_64-debian-gcc, r-devel-linux-x86_64-fedora-clang, r-devel-linux-x86_64-fedora-gcc, r-devel-windows-x86_64, r-devel-windows-x86_64-gcc10-UCRT, r-patched-linux-x86_64, r-patched-solaris-x86, r-release-linux-x86_64, r-release-macos-arm64, r-release-macos-x86_64, r-release-windows-ix86+x86_64

Version: 0.3.0
Check: PDF version of manual
Result: WARN
    LaTeX errors when creating PDF version.
    This typically indicates Rd problems.
Flavor: r-devel-windows-x86_64-gcc10-UCRT

Version: 0.3.0
Check: PDF version of manual without hyperrefs or index
Result: ERROR
    Re-running with no redirection of stdout/stderr.
Flavor: r-devel-windows-x86_64-gcc10-UCRT