CRAN Package Check Results for Package sRdpData

Last updated on 2024-07-23 04:57:51 CEST.

Flavor Version Tinstall Tcheck Ttotal Status Flags
r-devel-linux-x86_64-debian-clang 0.1.0 3.31 32.61 35.92 OK
r-devel-linux-x86_64-debian-gcc 0.1.0 2.34 25.01 27.35 OK
r-devel-linux-x86_64-fedora-clang 0.1.0 44.86 NOTE
r-devel-linux-x86_64-fedora-gcc 0.1.0 42.63 NOTE
r-devel-windows-x86_64 0.1.0 6.00 48.00 54.00 OK
r-patched-linux-x86_64 0.1.0 3.34 30.90 34.24 OK
r-release-linux-x86_64 0.1.0 3.17 31.80 34.97 OK
r-release-macos-arm64 0.1.0 18.00 OK
r-release-macos-x86_64 0.1.0 26.00 OK
r-release-windows-x86_64 0.1.0 4.00 47.00 51.00 OK
r-oldrel-macos-arm64 0.1.0 19.00 OK
r-oldrel-macos-x86_64 0.1.0 26.00 OK
r-oldrel-windows-x86_64 0.1.0 5.00 49.00 54.00 OK

Check Details

Version: 0.1.0
Check: data for non-ASCII characters
Result: NOTE Note: found 35 marked UTF-8 strings Flavors: r-devel-linux-x86_64-fedora-clang, r-devel-linux-x86_64-fedora-gcc