Last updated on 2023-09-25 16:03:50 CEST.
Flavor | Version | Tinstall | Tcheck | Ttotal | Status | Flags |
---|---|---|---|---|---|---|
r-devel-linux-x86_64-debian-clang | 0.6.1 | 7.03 | 78.92 | 85.95 | OK | |
r-devel-linux-x86_64-debian-gcc | 0.6.1 | 5.20 | 60.28 | 65.48 | OK | |
r-devel-linux-x86_64-fedora-clang | 0.6.1 | 106.00 | NOTE | |||
r-devel-linux-x86_64-fedora-gcc | 0.6.1 | 118.45 | NOTE | |||
r-devel-windows-x86_64 | 0.6.1 | 9.00 | 87.00 | 96.00 | OK | |
r-patched-linux-x86_64 | 0.6.1 | 8.28 | 74.20 | 82.48 | OK | |
r-release-linux-x86_64 | 0.6.1 | 7.45 | 74.88 | 82.33 | OK | |
r-release-macos-arm64 | 0.6.1 | 43.00 | OK | |||
r-release-macos-x86_64 | 0.6.1 | 64.00 | OK | |||
r-release-windows-x86_64 | 0.6.1 | 10.00 | 95.00 | 105.00 | OK | |
r-oldrel-macos-arm64 | 0.6.1 | 31.00 | OK | |||
r-oldrel-macos-x86_64 | 0.6.1 | 47.00 | OK | |||
r-oldrel-windows-x86_64 | 0.6.1 | 10.00 | 92.00 | 102.00 | OK |
Version: 0.6.1
Check: data for non-ASCII characters
Result: NOTE
Note: found 120 marked UTF-8 strings
Flavors: r-devel-linux-x86_64-fedora-clang, r-devel-linux-x86_64-fedora-gcc