CRAN Package Check Results for Package samc

Last updated on 2021-09-17 13:53:37 CEST.

Flavor Version Tinstall Tcheck Ttotal Status Flags
r-devel-linux-x86_64-debian-clang 1.4.1 164.60 219.66 384.26 OK
r-devel-linux-x86_64-debian-gcc 1.4.1 118.10 175.14 293.24 OK
r-devel-linux-x86_64-fedora-clang 1.4.1 500.62 NOTE
r-devel-linux-x86_64-fedora-gcc 1.4.1 479.31 OK
r-devel-windows-x86_64 1.4.1 136.00 279.00 415.00 OK
r-devel-windows-x86_64-gcc10-UCRT 1.4.1 OK
r-patched-linux-x86_64 1.4.1 143.94 244.67 388.61 OK
r-patched-solaris-x86 1.4.1 560.20 OK
r-release-linux-x86_64 1.4.1 140.25 245.87 386.12 OK
r-release-macos-arm64 1.4.1 NOTE
r-release-macos-x86_64 1.4.1 NOTE
r-release-windows-ix86+x86_64 1.4.1 334.00 320.00 654.00 NOTE
r-oldrel-macos-x86_64 1.4.1 NOTE
r-oldrel-windows-ix86+x86_64 1.4.1 326.00 302.00 628.00 NOTE

Check Details

Version: 1.4.1
Check: installed package size
Result: NOTE
     installed size is 16.5Mb
     sub-directories of 1Mb or more:
     doc 2.6Mb
     libs 12.9Mb
Flavors: r-devel-linux-x86_64-fedora-clang, r-release-macos-arm64, r-release-macos-x86_64, r-release-windows-ix86+x86_64, r-oldrel-macos-x86_64, r-oldrel-windows-ix86+x86_64