CRAN Package Check Results for Package samc

Last updated on 2024-06-13 10:49:09 CEST.

Flavor Version Tinstall Tcheck Ttotal Status Flags
r-devel-linux-x86_64-debian-clang 3.2.1 221.15 474.53 695.68 OK
r-devel-linux-x86_64-debian-gcc 3.2.1 162.91 301.74 464.65 ERROR
r-devel-linux-x86_64-fedora-clang 3.2.1 906.79 OK
r-devel-linux-x86_64-fedora-gcc 3.2.1 964.19 OK
r-devel-windows-x86_64 3.2.1 164.00 319.00 483.00 OK
r-patched-linux-x86_64 3.2.1 214.21 468.19 682.40 OK
r-release-linux-x86_64 3.2.1 214.04 470.99 685.03 OK
r-release-macos-arm64 3.2.1 197.00 NOTE
r-release-macos-x86_64 3.2.1 356.00 NOTE
r-release-windows-x86_64 3.2.1 166.00 321.00 487.00 OK
r-oldrel-macos-arm64 3.2.1 209.00 NOTE
r-oldrel-macos-x86_64 3.2.1 542.00 NOTE
r-oldrel-windows-x86_64 3.2.1 206.00 416.00 622.00 OK

Check Details

Version: 3.2.1
Check: package dependencies
Result: NOTE Packages suggested but not available for checking: 'testthat', 'gdistance' Flavor: r-devel-linux-x86_64-debian-gcc

Version: 3.2.1
Check: tests
Result: ERROR Running ‘testthat.R’ [0s/0s] Running the tests in ‘tests/testthat.R’ failed. Complete output: > library(testthat) Error in library(testthat) : there is no package called 'testthat' Execution halted Flavor: r-devel-linux-x86_64-debian-gcc

Version: 3.2.1
Check: installed package size
Result: NOTE installed size is 16.2Mb sub-directories of 1Mb or more: libs 15.1Mb Flavors: r-release-macos-arm64, r-release-macos-x86_64, r-oldrel-macos-arm64, r-oldrel-macos-x86_64