CRAN Package Check Results for Package samurais

Last updated on 2021-09-23 10:53:46 CEST.

Flavor Version Tinstall Tcheck Ttotal Status Flags
r-devel-linux-x86_64-debian-clang 0.1.0 84.07 119.23 203.30 OK
r-devel-linux-x86_64-debian-gcc 0.1.0 55.22 93.20 148.42 OK
r-devel-linux-x86_64-fedora-clang 0.1.0 273.36 NOTE
r-devel-linux-x86_64-fedora-gcc 0.1.0 257.57 OK
r-devel-windows-x86_64 0.1.0 81.00 151.00 232.00 NOTE
r-devel-windows-x86_64-gcc10-UCRT 0.1.0 ERROR
r-patched-linux-x86_64 0.1.0 72.11 128.34 200.45 OK
r-patched-solaris-x86 0.1.0 312.90 NOTE
r-release-linux-x86_64 0.1.0 68.50 129.00 197.50 OK
r-release-macos-arm64 0.1.0 NOTE
r-release-macos-x86_64 0.1.0 NOTE
r-release-windows-ix86+x86_64 0.1.0 206.00 162.00 368.00 NOTE
r-oldrel-macos-x86_64 0.1.0 NOTE
r-oldrel-windows-ix86+x86_64 0.1.0 145.00 171.00 316.00 NOTE

Check Details

Version: 0.1.0
Check: installed package size
Result: NOTE
     installed size is 9.3Mb
     sub-directories of 1Mb or more:
     doc 2.3Mb
     help 3.4Mb
     libs 3.1Mb
Flavors: r-devel-linux-x86_64-fedora-clang, r-devel-windows-x86_64, r-patched-solaris-x86, r-release-macos-arm64, r-release-macos-x86_64, r-release-windows-ix86+x86_64, r-oldrel-macos-x86_64, r-oldrel-windows-ix86+x86_64

Version: 0.1.0
Check: whether package can be installed
Result: ERROR
    Installation failed.
Flavor: r-devel-windows-x86_64-gcc10-UCRT