CRAN Package Check Results for Package santaR

Last updated on 2021-09-19 01:50:32 CEST.

Flavor Version Tinstall Tcheck Ttotal Status Flags
r-devel-linux-x86_64-debian-clang 1.0 6.37 179.45 185.82 OK
r-devel-linux-x86_64-debian-gcc 1.0 5.22 131.21 136.43 OK
r-devel-linux-x86_64-fedora-clang 1.0 220.41 NOTE
r-devel-linux-x86_64-fedora-gcc 1.0 215.19 NOTE
r-devel-windows-x86_64 1.0 9.00 209.00 218.00 OK
r-devel-windows-x86_64-gcc10-UCRT 1.0 NOTE
r-patched-linux-x86_64 1.0 6.20 180.48 186.68 OK
r-patched-solaris-x86 1.0 261.40 NOTE
r-release-linux-x86_64 1.0 6.59 180.47 187.06 OK
r-release-macos-arm64 1.0 NOTE
r-release-macos-x86_64 1.0 NOTE
r-release-windows-ix86+x86_64 1.0 14.00 162.00 176.00 OK
r-oldrel-macos-x86_64 1.0 NOTE
r-oldrel-windows-ix86+x86_64 1.0 13.00 154.00 167.00 OK

Check Details

Version: 1.0
Check: dependencies in R code
Result: NOTE
    Namespace in Imports field not imported from: ‘gridExtra’
     All declared Imports should be used.
Flavors: r-devel-linux-x86_64-fedora-clang, r-devel-linux-x86_64-fedora-gcc, r-devel-windows-x86_64-gcc10-UCRT, r-patched-solaris-x86, r-release-macos-arm64, r-release-macos-x86_64, r-oldrel-macos-x86_64