CRAN Package Check Results for Package scDHA

Last updated on 2021-09-22 10:51:55 CEST.

Flavor Version Tinstall Tcheck Ttotal Status Flags
r-devel-linux-x86_64-debian-clang 1.1.2 60.91 118.97 179.88 OK
r-devel-linux-x86_64-debian-gcc 1.1.2 43.16 90.66 133.82 OK
r-devel-linux-x86_64-fedora-clang 1.1.2 226.84 NOTE
r-devel-linux-x86_64-fedora-gcc 1.1.2 213.30 OK
r-devel-windows-x86_64 1.1.2 56.00 107.00 163.00 OK
r-devel-windows-x86_64-gcc10-UCRT 1.1.2 ERROR
r-patched-linux-x86_64 1.1.2 48.19 112.91 161.10 OK
r-patched-solaris-x86 1.1.2 265.50 OK
r-release-linux-x86_64 1.1.2 49.71 113.39 163.10 OK
r-release-macos-arm64 1.1.2 NOTE
r-release-macos-x86_64 1.1.2 NOTE
r-release-windows-ix86+x86_64 1.1.2 108.00 169.00 277.00 NOTE
r-oldrel-macos-x86_64 1.1.2 NOTE
r-oldrel-windows-ix86+x86_64 1.1.2 113.00 164.00 277.00 NOTE

Check Details

Version: 1.1.2
Check: installed package size
Result: NOTE
     installed size is 6.0Mb
     sub-directories of 1Mb or more:
     data 3.2Mb
     libs 2.4Mb
Flavors: r-devel-linux-x86_64-fedora-clang, r-release-macos-arm64, r-release-macos-x86_64, r-release-windows-ix86+x86_64, r-oldrel-macos-x86_64, r-oldrel-windows-ix86+x86_64

Version: 1.1.2
Check: package dependencies
Result: ERROR
    Packages required but not available: 'igraph', 'RcppParallel'
    
    See section 'The DESCRIPTION file' in the 'Writing R Extensions'
    manual.
Flavor: r-devel-windows-x86_64-gcc10-UCRT