CRAN Package Check Results for Package scINSIGHT

Last updated on 2021-09-22 01:49:09 CEST.

Flavor Version Tinstall Tcheck Ttotal Status Flags
r-devel-linux-x86_64-debian-clang 0.1.1 66.07 36.51 102.58 OK
r-devel-linux-x86_64-debian-gcc 0.1.1 46.17 28.29 74.46 OK
r-devel-linux-x86_64-fedora-clang 0.1.1 152.87 OK
r-devel-linux-x86_64-fedora-gcc 0.1.1 128.76 OK
r-devel-windows-x86_64 0.1.1 55.00 50.00 105.00 OK
r-devel-windows-x86_64-gcc10-UCRT 0.1.1 ERROR
r-patched-linux-x86_64 0.1.1 52.23 34.90 87.13 OK
r-patched-solaris-x86 0.1.1 133.10 OK
r-release-linux-x86_64 0.1.1 53.20 35.25 88.45 OK
r-release-macos-arm64 0.1.1 OK
r-release-macos-x86_64 0.1.1 OK
r-release-windows-ix86+x86_64 0.1.1 144.00 61.00 205.00 OK
r-oldrel-macos-x86_64 0.1.1 OK
r-oldrel-windows-ix86+x86_64 0.1.1 139.00 63.00 202.00 OK

Check Details

Version: 0.1.1
Check: whether package can be installed
Result: ERROR
    Installation failed.
Flavor: r-devel-windows-x86_64-gcc10-UCRT