CRAN Package Check Results for Package scagnostics

Last updated on 2021-12-02 21:52:11 CET.

Flavor Version Tinstall Tcheck Ttotal Status Flags
r-devel-linux-x86_64-debian-clang 0.2-4.1 2.69 35.35 38.04 NOTE
r-devel-linux-x86_64-debian-gcc 0.2-4.1 2.29 27.01 29.30 NOTE
r-devel-linux-x86_64-fedora-clang 0.2-4.1 55.95 NOTE
r-devel-linux-x86_64-fedora-gcc 0.2-4.1 47.49 NOTE
r-devel-windows-x86_64-new-UL 0.2-4.1 8.00 68.00 76.00 OK
r-devel-windows-x86_64-new-TK 0.2-4.1 OK
r-devel-windows-x86_64-old 0.2-4.1 6.00 41.00 47.00 OK
r-patched-linux-x86_64 0.2-4.1 3.04 34.14 37.18 NOTE
r-patched-solaris-x86 0.2-4.1 73.00 OK
r-release-linux-x86_64 0.2-4.1 2.79 33.99 36.78 NOTE
r-release-macos-arm64 0.2-4.1 OK
r-release-macos-x86_64 0.2-4.1 OK
r-release-windows-ix86+x86_64 0.2-4.1 8.00 41.00 49.00 OK
r-oldrel-macos-x86_64 0.2-4.1 OK
r-oldrel-windows-ix86+x86_64 0.2-4.1 7.00 56.00 63.00 OK

Check Details

Version: 0.2-4.1
Check: top-level files
Result: NOTE
    Non-standard file/directory found at top level:
     'src-java'
Flavors: r-devel-linux-x86_64-debian-clang, r-devel-linux-x86_64-debian-gcc, r-devel-linux-x86_64-fedora-clang, r-devel-linux-x86_64-fedora-gcc, r-patched-linux-x86_64, r-release-linux-x86_64