CRAN Package Check Results for Package sdStaf

Last updated on 2021-09-22 13:53:03 CEST.

Flavor Version Tinstall Tcheck Ttotal Status Flags
r-devel-linux-x86_64-debian-clang 1.0.2 29.02 268.54 297.56 OK
r-devel-linux-x86_64-debian-gcc 1.0.2 23.80 196.22 220.02 OK
r-devel-linux-x86_64-fedora-clang 1.0.2 359.04 NOTE
r-devel-linux-x86_64-fedora-gcc 1.0.2 348.12 NOTE
r-devel-windows-x86_64 1.0.2 33.00 210.00 243.00 OK
r-devel-windows-x86_64-gcc10-UCRT 1.0.2 ERROR
r-patched-linux-x86_64 1.0.2 25.68 263.48 289.16 OK
r-patched-solaris-x86 1.0.2 434.20 NOTE
r-release-linux-x86_64 1.0.2 26.14 259.78 285.92 OK
r-release-macos-arm64 1.0.2 NOTE
r-release-macos-x86_64 1.0.2 NOTE
r-release-windows-ix86+x86_64 1.0.2 66.00 212.00 278.00 OK
r-oldrel-macos-x86_64 1.0.2 NOTE
r-oldrel-windows-ix86+x86_64 1.0.2 52.00 234.00 286.00 OK

Check Details

Version: 1.0.2
Check: dependencies in R code
Result: NOTE
    Namespaces in Imports field not imported from:
     ‘rgdal’ ‘rgeos’ ‘tidyr’
     All declared Imports should be used.
Flavors: r-devel-linux-x86_64-fedora-clang, r-devel-linux-x86_64-fedora-gcc, r-patched-solaris-x86, r-release-macos-arm64, r-release-macos-x86_64, r-oldrel-macos-x86_64

Version: 1.0.2
Check: package dependencies
Result: ERROR
    Packages required but not available: 'rgdal', 'rasterVis'
    
    See section 'The DESCRIPTION file' in the 'Writing R Extensions'
    manual.
Flavor: r-devel-windows-x86_64-gcc10-UCRT