CRAN Package Check Results for Package sda

Last updated on 2024-02-21 09:08:50 CET.

Flavor Version Tinstall Tcheck Ttotal Status Flags
r-devel-linux-x86_64-debian-clang 1.3.8 NOTE
r-devel-linux-x86_64-debian-gcc 1.3.8 2.24 25.03 27.27 NOTE
r-devel-linux-x86_64-fedora-clang 1.3.8 42.74 OK
r-devel-linux-x86_64-fedora-gcc 1.3.8 41.44 OK
r-devel-windows-x86_64 1.3.8 4.00 47.00 51.00 OK
r-patched-linux-x86_64 1.3.8 3.93 31.33 35.26 OK
r-release-linux-x86_64 1.3.8 2.76 31.72 34.48 OK
r-release-macos-arm64 1.3.8 20.00 OK
r-release-macos-x86_64 1.3.8 28.00 OK
r-release-windows-x86_64 1.3.8 4.00 52.00 56.00 OK
r-oldrel-macos-arm64 1.3.8 21.00 OK
r-oldrel-windows-x86_64 1.3.8 5.00 53.00 58.00 OK

Check Details

Version: 1.3.8
Check: Rd files
Result: NOTE checkRd: (-1) sda.Rd:36-37: Lost braces in \itemize; meant \describe ? checkRd: (-1) sda.Rd:38: Lost braces in \itemize; meant \describe ? checkRd: (-1) sda.Rd:40: Lost braces in \itemize; meant \describe ? checkRd: (-1) sda.package.Rd:22: Lost braces in \itemize; meant \describe ? checkRd: (-1) sda.package.Rd:23: Lost braces in \itemize; meant \describe ? checkRd: (-1) sda.package.Rd:24: Lost braces in \itemize; meant \describe ? Flavors: r-devel-linux-x86_64-debian-clang, r-devel-linux-x86_64-debian-gcc