CRAN Package Check Results for Package sdcHierarchies

Last updated on 2021-07-28 22:58:06 CEST.

Flavor Version Tinstall Tcheck Ttotal Status Flags
r-devel-linux-x86_64-debian-clang 0.19.0 OK
r-devel-linux-x86_64-debian-gcc 0.19.0 19.84 43.90 63.74 OK
r-devel-linux-x86_64-fedora-clang 0.19.0 123.96 OK
r-devel-linux-x86_64-fedora-gcc 0.19.0 105.06 OK
r-devel-windows-x86_64 0.19.0 28.00 94.00 122.00 OK
r-devel-windows-x86_64-gcc10-UCRT 0.18.3 NOTE
r-patched-linux-x86_64 0.19.0 25.52 55.75 81.27 OK
r-patched-solaris-x86 0.19.0 127.60 OK
r-release-linux-x86_64 0.19.0 24.79 55.05 79.84 OK
r-release-macos-arm64 0.19.0 OK
r-release-macos-x86_64 0.19.0 OK
r-release-windows-ix86+x86_64 0.19.0 66.00 118.00 184.00 OK
r-oldrel-macos-x86_64 0.19.0 OK
r-oldrel-windows-ix86+x86_64 0.19.0 51.00 93.00 144.00 OK

Check Details

Version: 0.18.3
Check: LazyData
Result: NOTE
     'LazyData' is specified without a 'data' directory
Flavor: r-devel-windows-x86_64-gcc10-UCRT