CRAN Package Check Results for Package sdcTable

Last updated on 2021-09-17 16:50:24 CEST.

Flavor Version Tinstall Tcheck Ttotal Status Flags
r-devel-linux-x86_64-debian-clang 0.32.0 69.73 128.91 198.64 OK
r-devel-linux-x86_64-debian-gcc 0.32.0 53.92 88.85 142.77 OK
r-devel-linux-x86_64-fedora-clang 0.32.0 259.40 NOTE
r-devel-linux-x86_64-fedora-gcc 0.32.0 234.26 NOTE
r-devel-windows-x86_64 0.32.0 74.00 150.00 224.00 OK
r-devel-windows-x86_64-gcc10-UCRT 0.32.0 NOTE
r-patched-linux-x86_64 0.32.0 67.38 113.19 180.57 OK
r-patched-solaris-x86 0.32.0 266.10 NOTE
r-release-linux-x86_64 0.32.0 60.86 112.99 173.85 OK
r-release-macos-arm64 0.32.0 NOTE
r-release-macos-x86_64 0.32.0 NOTE
r-release-windows-ix86+x86_64 0.32.0 152.00 142.00 294.00 NOTE
r-oldrel-macos-x86_64 0.32.0 NOTE
r-oldrel-windows-ix86+x86_64 0.32.0 154.00 141.00 295.00 NOTE

Check Details

Version: 0.32.0
Check: dependencies in R code
Result: NOTE
    Namespace in Imports field not imported from: 'lpSolveAPI'
     All declared Imports should be used.
Flavors: r-devel-linux-x86_64-fedora-clang, r-devel-linux-x86_64-fedora-gcc, r-devel-windows-x86_64-gcc10-UCRT, r-patched-solaris-x86, r-release-macos-arm64, r-release-macos-x86_64, r-oldrel-macos-x86_64

Version: 0.32.0
Check: Rd cross-references
Result: NOTE
    Undeclared package ‘RegSDC’ in Rd xrefs
Flavor: r-devel-linux-x86_64-fedora-clang

Version: 0.32.0
Check: installed package size
Result: NOTE
     installed size is 8.1Mb
     sub-directories of 1Mb or more:
     R 2.0Mb
     libs 5.8Mb
Flavors: r-release-macos-arm64, r-release-macos-x86_64, r-release-windows-ix86+x86_64, r-oldrel-macos-x86_64, r-oldrel-windows-ix86+x86_64