CRAN Package Check Results for Package sde

Last updated on 2021-10-28 01:49:03 CEST.

Flavor Version Tinstall Tcheck Ttotal Status Flags
r-devel-linux-x86_64-debian-clang 2.0.15 12.11 95.97 108.08 OK
r-devel-linux-x86_64-debian-gcc 2.0.15 9.51 74.70 84.21 OK
r-devel-linux-x86_64-fedora-clang 2.0.15 141.38 NOTE
r-devel-linux-x86_64-fedora-gcc 2.0.15 131.36 NOTE
r-devel-windows-x86_64 2.0.15 18.00 96.00 114.00 OK
r-devel-windows-x86_64-gcc10-UCRT 2.0.15 OK
r-patched-linux-x86_64 2.0.15 13.58 94.74 108.32 OK
r-patched-solaris-x86 2.0.15 196.00 OK
r-release-linux-x86_64 2.0.15 10.56 94.03 104.59 OK
r-release-macos-arm64 2.0.15 OK
r-release-macos-x86_64 2.0.15 OK
r-release-windows-ix86+x86_64 2.0.15 23.00 175.00 198.00 OK
r-oldrel-macos-x86_64 2.0.15 OK
r-oldrel-windows-ix86+x86_64 2.0.15 21.00 169.00 190.00 OK

Check Details

Version: 2.0.15
Check: compiled code
Result: NOTE
    File ‘sde/libs/sde.so’:
     Found no call to: ‘R_useDynamicSymbols’
    
    It is good practice to register native routines and to disable symbol
    search.
    
    See ‘Writing portable packages’ in the ‘Writing R Extensions’ manual.
Flavors: r-devel-linux-x86_64-fedora-clang, r-devel-linux-x86_64-fedora-gcc