CRAN Package Check Results for Package sdetorus

Last updated on 2021-09-23 19:52:01 CEST.

Flavor Version Tinstall Tcheck Ttotal Status Flags
r-devel-linux-x86_64-debian-clang 0.1.8 173.67 63.91 237.58 OK
r-devel-linux-x86_64-debian-gcc 0.1.8 108.45 46.71 155.16 OK
r-devel-linux-x86_64-fedora-clang 0.1.8 332.08 NOTE
r-devel-linux-x86_64-fedora-gcc 0.1.8 294.46 OK
r-devel-windows-x86_64 0.1.8 146.00 69.00 215.00 OK
r-devel-windows-x86_64-gcc10-UCRT 0.1.8 OK
r-patched-linux-x86_64 0.1.8 129.85 60.32 190.17 OK
r-patched-solaris-x86 0.1.8 275.10 OK
r-release-linux-x86_64 0.1.8 134.91 60.79 195.70 OK
r-release-macos-arm64 0.1.8 NOTE
r-release-macos-x86_64 0.1.8 NOTE
r-release-windows-ix86+x86_64 0.1.8 370.00 101.00 471.00 OK
r-oldrel-macos-x86_64 0.1.8 NOTE
r-oldrel-windows-ix86+x86_64 0.1.8 270.00 105.00 375.00 OK

Check Details

Version: 0.1.8
Check: installed package size
Result: NOTE
     installed size is 9.5Mb
     sub-directories of 1Mb or more:
     libs 8.6Mb
Flavors: r-devel-linux-x86_64-fedora-clang, r-release-macos-arm64, r-release-macos-x86_64, r-oldrel-macos-x86_64