CRAN Package Check Results for Package secuTrialR

Last updated on 2021-09-18 22:53:15 CEST.

Flavor Version Tinstall Tcheck Ttotal Status Flags
r-devel-linux-x86_64-debian-clang 1.0.9 8.47 114.37 122.84 NOTE
r-devel-linux-x86_64-debian-gcc 1.0.9 7.37 83.71 91.08 NOTE
r-devel-linux-x86_64-fedora-clang 1.0.9 151.30 NOTE
r-devel-linux-x86_64-fedora-gcc 1.0.9 139.28 NOTE
r-devel-windows-x86_64 1.0.9 11.00 195.00 206.00 NOTE
r-devel-windows-x86_64-gcc10-UCRT 1.0.9 NOTE
r-patched-linux-x86_64 1.0.9 9.16 106.04 115.20 NOTE
r-patched-solaris-x86 1.0.9 178.40 NOTE
r-release-linux-x86_64 1.0.9 8.95 105.31 114.26 NOTE
r-release-macos-arm64 1.0.9 NOTE
r-release-macos-x86_64 1.0.9 NOTE
r-release-windows-ix86+x86_64 1.0.9 20.00 144.00 164.00 NOTE
r-oldrel-macos-x86_64 1.0.9 OK
r-oldrel-windows-ix86+x86_64 1.0.9 20.00 148.00 168.00 OK

Check Details

Version: 1.0.9
Check: LazyData
Result: NOTE
     'LazyData' is specified without a 'data' directory
Flavors: r-devel-linux-x86_64-debian-clang, r-devel-linux-x86_64-debian-gcc, r-devel-linux-x86_64-fedora-clang, r-devel-linux-x86_64-fedora-gcc, r-devel-windows-x86_64, r-devel-windows-x86_64-gcc10-UCRT, r-patched-linux-x86_64, r-patched-solaris-x86, r-release-linux-x86_64, r-release-macos-arm64, r-release-macos-x86_64, r-release-windows-ix86+x86_64