CRAN Package Check Results for Package seedreg

Last updated on 2021-09-23 10:53:46 CEST.

Flavor Version Tinstall Tcheck Ttotal Status Flags
r-devel-linux-x86_64-debian-clang 1.0.2 10.32 115.57 125.89 OK
r-devel-linux-x86_64-debian-gcc 1.0.2 10.05 87.62 97.67 OK
r-devel-linux-x86_64-fedora-clang 1.0.2 161.76 OK
r-devel-linux-x86_64-fedora-gcc 1.0.2 150.15 OK
r-devel-windows-x86_64 1.0.2 15.00 98.00 113.00 OK
r-devel-windows-x86_64-gcc10-UCRT 1.0.2 ERROR
r-patched-linux-x86_64 1.0.2 11.74 108.72 120.46 OK
r-patched-solaris-x86 1.0.2 213.80 OK
r-release-linux-x86_64 1.0.2 11.75 108.54 120.29 OK
r-release-macos-arm64 1.0.2 OK
r-release-macos-x86_64 1.0.2 OK
r-release-windows-ix86+x86_64 1.0.2 35.00 101.00 136.00 OK
r-oldrel-macos-x86_64 1.0.2 OK
r-oldrel-windows-ix86+x86_64 1.0.2 22.00 96.00 118.00 OK

Check Details

Version: 1.0.2
Check: package dependencies
Result: NOTE
    Package suggested but not available for checking: 'roxygen2'
Flavor: r-devel-windows-x86_64-gcc10-UCRT

Version: 1.0.2
Check: PDF version of manual
Result: WARN
    LaTeX errors when creating PDF version.
    This typically indicates Rd problems.
Flavor: r-devel-windows-x86_64-gcc10-UCRT

Version: 1.0.2
Check: PDF version of manual without hyperrefs or index
Result: ERROR
    Re-running with no redirection of stdout/stderr.
Flavor: r-devel-windows-x86_64-gcc10-UCRT