CRAN Package Check Results for Package segmentr

Last updated on 2021-09-23 01:49:58 CEST.

Flavor Version Tinstall Tcheck Ttotal Status Flags
r-devel-linux-x86_64-debian-clang 0.2.0 18.54 58.70 77.24 OK --no-vignettes
r-devel-linux-x86_64-debian-gcc 0.2.0 12.88 45.72 58.60 OK --no-vignettes
r-devel-linux-x86_64-fedora-clang 0.2.0 596.98 OK
r-devel-linux-x86_64-fedora-gcc 0.2.0 599.61 OK
r-devel-windows-x86_64 0.2.0 18.00 436.00 454.00 OK
r-devel-windows-x86_64-gcc10-UCRT 0.2.0 ERROR --no-vignettes
r-patched-linux-x86_64 0.2.0 16.55 55.49 72.04 OK --no-vignettes
r-patched-solaris-x86 0.2.0 730.60 OK
r-release-linux-x86_64 0.2.0 16.21 55.47 71.68 OK --no-vignettes
r-release-macos-arm64 0.2.0 OK
r-release-macos-x86_64 0.2.0 OK
r-release-windows-ix86+x86_64 0.2.0 47.00 451.00 498.00 OK
r-oldrel-macos-x86_64 0.2.0 OK
r-oldrel-windows-ix86+x86_64 0.2.0 34.00 506.00 540.00 OK

Check Details

Version: 0.2.0
Flags: --no-vignettes
Check: whether package can be installed
Result: ERROR
    Installation failed.
Flavor: r-devel-windows-x86_64-gcc10-UCRT