CRAN Package Check Results for Package seismicRoll

Last updated on 2021-09-22 04:55:17 CEST.

Flavor Version Tinstall Tcheck Ttotal Status Flags
r-devel-linux-x86_64-debian-clang 1.1.4 19.98 27.16 47.14 OK
r-devel-linux-x86_64-debian-gcc 1.1.4 11.39 21.57 32.96 OK
r-devel-linux-x86_64-fedora-clang 1.1.4 69.09 OK
r-devel-linux-x86_64-fedora-gcc 1.1.4 54.33 OK
r-devel-windows-x86_64 1.1.4 20.00 44.00 64.00 OK
r-devel-windows-x86_64-gcc10-UCRT 1.1.4 ERROR
r-patched-linux-x86_64 1.1.4 14.96 26.30 41.26 OK
r-patched-solaris-x86 1.1.4 67.90 OK
r-release-linux-x86_64 1.1.4 14.72 26.21 40.93 OK
r-release-macos-arm64 1.1.4 OK
r-release-macos-x86_64 1.1.4 OK
r-release-windows-ix86+x86_64 1.1.4 44.00 53.00 97.00 OK
r-oldrel-macos-x86_64 1.1.4 OK
r-oldrel-windows-ix86+x86_64 1.1.4 45.00 53.00 98.00 OK

Check Details

Version: 1.1.4
Check: whether package can be installed
Result: ERROR
    Installation failed.
Flavor: r-devel-windows-x86_64-gcc10-UCRT