CRAN Package Check Results for Package semPlot

Last updated on 2021-09-17 13:53:38 CEST.

Flavor Version Tinstall Tcheck Ttotal Status Flags
r-devel-linux-x86_64-debian-clang 1.1.2 24.91 185.94 210.85 OK
r-devel-linux-x86_64-debian-gcc 1.1.2 20.69 132.58 153.27 ERROR
r-devel-linux-x86_64-fedora-clang 1.1.2 275.26 OK
r-devel-linux-x86_64-fedora-gcc 1.1.2 249.78 OK
r-devel-windows-x86_64 1.1.2 31.00 223.00 254.00 OK
r-devel-windows-x86_64-gcc10-UCRT 1.1.2 OK
r-patched-linux-x86_64 1.1.2 31.95 173.85 205.80 OK
r-patched-solaris-x86 1.1.2 356.30 OK
r-release-linux-x86_64 1.1.2 25.30 172.17 197.47 OK
r-release-macos-arm64 1.1.2 OK
r-release-macos-x86_64 1.1.2 OK
r-release-windows-ix86+x86_64 1.1.2 52.00 152.00 204.00 OK
r-oldrel-macos-x86_64 1.1.2 OK
r-oldrel-windows-ix86+x86_64 1.1.2 55.00 153.00 208.00 OK

Check Details

Version: 1.1.2
Check: examples
Result: ERROR
    Running examples in ‘semPlot-Ex.R’ failed
    The error most likely occurred in:
    
    > base::assign(".ptime", proc.time(), pos = "CheckExEnv")
    > ### Name: modelMatrices
    > ### Title: Extract SEM model matrices
    > ### Aliases: modelMatrices
    >
    > ### ** Examples
    >
    > ## Mplus user guide SEM example:
    > outfile <- tempfile(fileext=".out")
    > download.file("http://www.statmodel.com/usersguide/chap5/ex5.11.out",outfile)
    trying URL 'http://www.statmodel.com/usersguide/chap5/ex5.11.out'
    Warning in download.file("http://www.statmodel.com/usersguide/chap5/ex5.11.out", :
     cannot open URL 'http://www.statmodel.com/usersguide/chap5/ex5.11.out': HTTP status was '502 Bad Gateway'
    Error in download.file("http://www.statmodel.com/usersguide/chap5/ex5.11.out", :
     cannot open URL 'http://www.statmodel.com/usersguide/chap5/ex5.11.out'
    Execution halted
Flavor: r-devel-linux-x86_64-debian-gcc