CRAN Package Check Results for Package semTable

Last updated on 2021-10-28 13:58:25 CEST.

Flavor Version Tinstall Tcheck Ttotal Status Flags
r-devel-linux-x86_64-debian-clang 1.8 5.92 100.68 106.60 NOTE
r-devel-linux-x86_64-debian-gcc 1.8 4.49 79.81 84.30 NOTE
r-devel-linux-x86_64-fedora-clang 1.8 171.94 NOTE
r-devel-linux-x86_64-fedora-gcc 1.8 160.66 NOTE
r-devel-windows-x86_64 1.8 10.00 104.00 114.00 NOTE
r-devel-windows-x86_64-gcc10-UCRT 1.8 NOTE
r-patched-linux-x86_64 1.8 5.95 98.82 104.77 NOTE
r-patched-solaris-x86 1.8 180.40 NOTE
r-release-linux-x86_64 1.8 5.69 97.83 103.52 NOTE
r-release-macos-arm64 1.8 NOTE
r-release-macos-x86_64 1.8 NOTE
r-release-windows-ix86+x86_64 1.8 9.00 135.00 144.00 NOTE
r-oldrel-macos-x86_64 1.8 OK
r-oldrel-windows-ix86+x86_64 1.8 9.00 134.00 143.00 OK

Check Details

Version: 1.8
Check: LazyData
Result: NOTE
     'LazyData' is specified without a 'data' directory
Flavors: r-devel-linux-x86_64-debian-clang, r-devel-linux-x86_64-debian-gcc, r-devel-linux-x86_64-fedora-clang, r-devel-linux-x86_64-fedora-gcc, r-devel-windows-x86_64, r-devel-windows-x86_64-gcc10-UCRT, r-patched-linux-x86_64, r-patched-solaris-x86, r-release-linux-x86_64, r-release-macos-arm64, r-release-macos-x86_64, r-release-windows-ix86+x86_64