CRAN Package Check Results for Package sensitivity

Last updated on 2024-06-23 10:57:24 CEST.

Flavor Version Tinstall Tcheck Ttotal Status Flags
r-devel-linux-x86_64-debian-clang 1.30.0 141.33 258.46 399.79 OK
r-devel-linux-x86_64-debian-gcc 1.30.0 101.78 178.51 280.29 OK
r-devel-linux-x86_64-fedora-clang 1.30.0 559.79 OK
r-devel-linux-x86_64-fedora-gcc 1.30.0 528.05 OK
r-devel-windows-x86_64 1.30.0 112.00 220.00 332.00 OK
r-patched-linux-x86_64 1.30.0 124.88 237.60 362.48 OK
r-release-linux-x86_64 1.30.0 101.81 248.72 350.53 OK
r-release-macos-arm64 1.30.0 110.00 NOTE
r-release-macos-x86_64 1.30.0 159.00 NOTE
r-release-windows-x86_64 1.30.0 122.00 223.00 345.00 OK
r-oldrel-macos-arm64 1.30.0 118.00 NOTE
r-oldrel-macos-x86_64 1.30.0 194.00 NOTE
r-oldrel-windows-x86_64 1.30.0 148.00 286.00 434.00 OK

Check Details

Version: 1.30.0
Check: installed package size
Result: NOTE installed size is 5.3Mb sub-directories of 1Mb or more: R 2.2Mb libs 2.4Mb Flavors: r-release-macos-arm64, r-release-macos-x86_64, r-oldrel-macos-arm64, r-oldrel-macos-x86_64