CRAN Package Check Results for Package sensitivity

Last updated on 2021-09-28 07:48:41 CEST.

Flavor Version Tinstall Tcheck Ttotal Status Flags
r-devel-linux-x86_64-debian-clang 1.26.1 129.75 160.70 290.45 OK
r-devel-linux-x86_64-debian-gcc 1.26.1 83.07 116.91 199.98 OK
r-devel-linux-x86_64-fedora-clang 1.26.1 390.14 NOTE
r-devel-linux-x86_64-fedora-gcc 1.26.1 344.76 OK
r-devel-windows-x86_64 1.26.1 117.00 143.00 260.00 OK
r-devel-windows-x86_64-gcc10-UCRT 1.26.1 OK
r-patched-linux-x86_64 1.26.1 105.58 150.74 256.32 OK
r-patched-solaris-x86 1.26.1 371.10 OK
r-release-linux-x86_64 1.26.1 102.28 151.07 253.35 OK
r-release-macos-arm64 1.26.1 NOTE
r-release-macos-x86_64 1.26.1 NOTE
r-release-windows-ix86+x86_64 1.26.1 274.00 175.00 449.00 OK
r-oldrel-macos-x86_64 1.26.1 NOTE
r-oldrel-windows-ix86+x86_64 1.26.1 202.00 167.00 369.00 OK

Check Details

Version: 1.26.1
Check: installed package size
Result: NOTE
     installed size is 5.3Mb
     sub-directories of 1Mb or more:
     R 2.2Mb
     libs 2.6Mb
Flavors: r-devel-linux-x86_64-fedora-clang, r-release-macos-arm64, r-release-macos-x86_64, r-oldrel-macos-x86_64