CRAN Package Check Results for Package seqest

Last updated on 2021-12-05 09:50:10 CET.

Flavor Version Tinstall Tcheck Ttotal Status Flags
r-devel-linux-x86_64-debian-clang 1.0.1 121.92 76.00 197.92 NOTE
r-devel-linux-x86_64-debian-gcc 1.0.1 82.54 57.54 140.08 NOTE
r-devel-linux-x86_64-fedora-clang 1.0.1 298.15 NOTE
r-devel-linux-x86_64-fedora-gcc 1.0.1 253.16 NOTE
r-devel-windows-x86_64-new-UL 1.0.1 157.00 141.00 298.00 NOTE
r-devel-windows-x86_64-new-TK 1.0.1 NOTE
r-devel-windows-x86_64-old 1.0.1 164.00 77.00 241.00 NOTE
r-patched-linux-x86_64 1.0.1 104.15 62.63 166.78 NOTE
r-release-linux-x86_64 1.0.1 89.90 72.57 162.47 NOTE
r-release-macos-arm64 1.0.1 NOTE
r-release-macos-x86_64 1.0.1 NOTE
r-release-windows-ix86+x86_64 1.0.1 318.00 130.00 448.00 NOTE
r-oldrel-macos-x86_64 1.0.1 OK
r-oldrel-windows-ix86+x86_64 1.0.1 312.00 138.00 450.00 OK

Check Details

Version: 1.0.1
Check: LazyData
Result: NOTE
     'LazyData' is specified without a 'data' directory
Flavors: r-devel-linux-x86_64-debian-clang, r-devel-linux-x86_64-debian-gcc, r-devel-linux-x86_64-fedora-clang, r-devel-linux-x86_64-fedora-gcc, r-devel-windows-x86_64-new-UL, r-devel-windows-x86_64-new-TK, r-devel-windows-x86_64-old, r-patched-linux-x86_64, r-release-linux-x86_64, r-release-macos-arm64, r-release-macos-x86_64, r-release-windows-ix86+x86_64

Version: 1.0.1
Check: installed package size
Result: NOTE
     installed size is 5.4Mb
     sub-directories of 1Mb or more:
     libs 5.2Mb
Flavor: r-release-macos-arm64