CRAN Package Check Results for Package seqinr

Last updated on 2021-09-25 04:57:50 CEST.

Flavor Version Tinstall Tcheck Ttotal Status Flags
r-devel-linux-x86_64-debian-clang 4.2-8 18.05 120.53 138.58 OK
r-devel-linux-x86_64-debian-gcc 4.2-8 12.08 93.10 105.18 OK
r-devel-linux-x86_64-fedora-clang 4.2-8 172.31 NOTE
r-devel-linux-x86_64-fedora-gcc 4.2-8 163.08 OK
r-devel-windows-x86_64 4.2-8 19.00 118.00 137.00 NOTE
r-devel-windows-x86_64-gcc10-UCRT 4.2-8 OK
r-patched-linux-x86_64 4.2-8 18.36 115.59 133.95 OK
r-patched-solaris-x86 4.2-8 224.90 NOTE
r-release-linux-x86_64 4.2-8 13.94 116.58 130.52 OK
r-release-macos-arm64 4.2-8 NOTE
r-release-macos-x86_64 4.2-8 NOTE
r-release-windows-ix86+x86_64 4.2-8 29.00 164.00 193.00 NOTE
r-oldrel-macos-x86_64 4.2-8 NOTE
r-oldrel-windows-ix86+x86_64 4.2-8 43.00 164.00 207.00 NOTE

Check Details

Version: 4.2-8
Check: installed package size
Result: NOTE
     installed size is 5.5Mb
     sub-directories of 1Mb or more:
     data 1.4Mb
     sequences 1.9Mb
Flavors: r-devel-linux-x86_64-fedora-clang, r-devel-windows-x86_64, r-patched-solaris-x86, r-release-macos-arm64, r-release-macos-x86_64, r-release-windows-ix86+x86_64, r-oldrel-macos-x86_64, r-oldrel-windows-ix86+x86_64