Last updated on 2023-09-28 10:56:56 CEST.
Flavor | Version | Tinstall | Tcheck | Ttotal | Status | Flags |
---|---|---|---|---|---|---|
r-devel-linux-x86_64-debian-clang | 0.1.6 | 15.67 | 152.77 | 168.44 | OK | |
r-devel-linux-x86_64-debian-gcc | 0.1.6 | 13.51 | 114.76 | 128.27 | OK | |
r-devel-linux-x86_64-fedora-clang | 0.1.6 | 208.98 | OK | |||
r-devel-linux-x86_64-fedora-gcc | 0.1.6 | 215.89 | OK | |||
r-devel-windows-x86_64 | 0.1.6 | 13.00 | 117.00 | 130.00 | OK | |
r-patched-linux-x86_64 | 0.1.6 | 16.89 | 147.02 | 163.91 | OK | |
r-release-linux-x86_64 | 0.1.6 | 16.16 | 148.48 | 164.64 | OK | |
r-release-macos-arm64 | 0.1.6 | 65.00 | OK | |||
r-release-macos-x86_64 | 0.1.6 | 173.00 | OK | |||
r-release-windows-x86_64 | 0.1.6 | 16.00 | 157.00 | 173.00 | OK | |
r-oldrel-macos-arm64 | 0.1.6 | 61.00 | OK | |||
r-oldrel-macos-x86_64 | 0.1.6 | 82.00 | NOTE | |||
r-oldrel-windows-x86_64 | 0.1.6 | 22.00 | 144.00 | 166.00 | OK |
Version: 0.1.6
Check: package dependencies
Result: NOTE
Package suggested but not available for checking: ‘muscle’
Flavor: r-oldrel-macos-x86_64