CRAN Package Check Results for Package seqmagick

Last updated on 2021-11-28 03:54:20 CET.

Flavor Version Tinstall Tcheck Ttotal Status Flags
r-devel-linux-x86_64-debian-clang 0.1.5 OK
r-devel-linux-x86_64-debian-gcc 0.1.5 12.06 102.17 114.23 OK
r-devel-linux-x86_64-fedora-clang 0.1.5 191.59 OK
r-devel-linux-x86_64-fedora-gcc 0.1.5 188.66 OK
r-devel-windows-x86_64-new-UL 0.1.5 28.00 172.00 200.00 OK
r-devel-windows-x86_64-new-TK 0.1.5 OK
r-devel-windows-x86_64-old 0.1.5 19.00 167.00 186.00 OK
r-patched-linux-x86_64 0.1.5 13.56 127.98 141.54 OK
r-patched-solaris-x86 0.1.5 248.60 OK
r-release-linux-x86_64 0.1.5 OK
r-release-macos-arm64 0.1.5 NOTE
r-release-macos-x86_64 0.1.5 NOTE
r-release-windows-ix86+x86_64 0.1.5 33.00 116.00 149.00 OK
r-oldrel-macos-x86_64 0.1.5 NOTE
r-oldrel-windows-ix86+x86_64 0.1.5 22.00 160.00 182.00 OK

Check Details

Version: 0.1.5
Check: package dependencies
Result: NOTE
    Packages suggested but not available for checking:
     'GenomicAlignments', 'GenomicRanges', 'muscle', 'Rsamtools'
Flavor: r-release-macos-arm64

Version: 0.1.5
Check: package dependencies
Result: NOTE
    Package suggested but not available for checking: ‘muscle’
Flavors: r-release-macos-x86_64, r-oldrel-macos-x86_64