CRAN Package Check Results for Package serrsBayes

Last updated on 2021-09-17 16:50:25 CEST.

Flavor Version Tinstall Tcheck Ttotal Status Flags
r-devel-linux-x86_64-debian-clang 0.5-0 78.18 553.37 631.55 OK
r-devel-linux-x86_64-debian-gcc 0.5-0 55.79 438.10 493.89 OK
r-devel-linux-x86_64-fedora-clang 0.5-0 776.58 NOTE
r-devel-linux-x86_64-fedora-gcc 0.5-0 770.85 OK
r-devel-windows-x86_64 0.5-0 63.00 489.00 552.00 OK
r-devel-windows-x86_64-gcc10-UCRT 0.5-0 OK
r-patched-linux-x86_64 0.5-0 67.76 544.35 612.11 OK
r-patched-solaris-x86 0.5-0 1468.90 OK
r-release-linux-x86_64 0.5-0 67.33 557.27 624.60 OK
r-release-macos-arm64 0.5-0 NOTE
r-release-macos-x86_64 0.5-0 NOTE
r-release-windows-ix86+x86_64 0.5-0 158.00 581.00 739.00 OK
r-oldrel-macos-x86_64 0.5-0 NOTE
r-oldrel-windows-ix86+x86_64 0.5-0 155.00 399.00 554.00 OK

Check Details

Version: 0.5-0
Check: installed package size
Result: NOTE
     installed size is 15.4Mb
     sub-directories of 1Mb or more:
     libs 14.1Mb
Flavors: r-devel-linux-x86_64-fedora-clang, r-release-macos-arm64, r-release-macos-x86_64, r-oldrel-macos-x86_64