CRAN Package Check Results for Package sgd

Last updated on 2021-09-22 13:53:04 CEST.

Flavor Version Tinstall Tcheck Ttotal Status Flags
r-devel-linux-x86_64-debian-clang 1.1.1 51.64 39.34 90.98 OK
r-devel-linux-x86_64-debian-gcc 1.1.1 34.55 30.62 65.17 OK
r-devel-linux-x86_64-fedora-clang 1.1.1 124.55 OK
r-devel-linux-x86_64-fedora-gcc 1.1.1 110.52 OK
r-devel-windows-x86_64 1.1.1 44.00 52.00 96.00 OK
r-devel-windows-x86_64-gcc10-UCRT 1.1.1 ERROR
r-patched-linux-x86_64 1.1.1 38.19 38.84 77.03 OK
r-patched-solaris-x86 1.1.1 120.80 OK
r-release-linux-x86_64 1.1.1 41.53 39.17 80.70 OK
r-release-macos-arm64 1.1.1 NOTE
r-release-macos-x86_64 1.1.1 OK
r-release-windows-ix86+x86_64 1.1.1 112.00 69.00 181.00 OK
r-oldrel-macos-x86_64 1.1.1 OK
r-oldrel-windows-ix86+x86_64 1.1.1 83.00 66.00 149.00 OK

Check Details

Version: 1.1.1
Check: whether package can be installed
Result: ERROR
    Installation failed.
Flavor: r-devel-windows-x86_64-gcc10-UCRT

Version: 1.1.1
Check: installed package size
Result: NOTE
     installed size is 5.7Mb
     sub-directories of 1Mb or more:
     libs 4.9Mb
Flavor: r-release-macos-arm64