CRAN Package Check Results for Package shinycustomloader

Last updated on 2021-09-28 01:49:38 CEST.

Flavor Version Tinstall Tcheck Ttotal Status Flags
r-devel-linux-x86_64-debian-clang 0.9.0 2.93 33.01 35.94 NOTE
r-devel-linux-x86_64-debian-gcc 0.9.0 2.17 26.40 28.57 NOTE
r-devel-linux-x86_64-fedora-clang 0.9.0 52.93 NOTE
r-devel-linux-x86_64-fedora-gcc 0.9.0 42.20 NOTE
r-devel-windows-x86_64 0.9.0 5.00 41.00 46.00 NOTE
r-devel-windows-x86_64-gcc10-UCRT 0.9.0 NOTE
r-patched-linux-x86_64 0.9.0 2.58 32.53 35.11 NOTE
r-patched-solaris-x86 0.9.0 65.20 NOTE
r-release-linux-x86_64 0.9.0 2.48 32.31 34.79 NOTE
r-release-macos-arm64 0.9.0 NOTE
r-release-macos-x86_64 0.9.0 NOTE
r-release-windows-ix86+x86_64 0.9.0 8.00 43.00 51.00 NOTE
r-oldrel-macos-x86_64 0.9.0 OK
r-oldrel-windows-ix86+x86_64 0.9.0 8.00 42.00 50.00 OK

Check Details

Version: 0.9.0
Check: LazyData
Result: NOTE
     'LazyData' is specified without a 'data' directory
Flavors: r-devel-linux-x86_64-debian-clang, r-devel-linux-x86_64-debian-gcc, r-devel-linux-x86_64-fedora-clang, r-devel-linux-x86_64-fedora-gcc, r-devel-windows-x86_64, r-devel-windows-x86_64-gcc10-UCRT, r-patched-linux-x86_64, r-patched-solaris-x86, r-release-linux-x86_64, r-release-macos-arm64, r-release-macos-x86_64, r-release-windows-ix86+x86_64