CRAN Package Check Results for Package shinydrive

Last updated on 2021-10-28 10:51:51 CEST.

Flavor Version Tinstall Tcheck Ttotal Status Flags
r-devel-linux-x86_64-debian-clang 0.1.1 4.73 42.71 47.44 NOTE
r-devel-linux-x86_64-debian-gcc 0.1.1 4.55 34.17 38.72 NOTE
r-devel-linux-x86_64-fedora-clang 0.1.1 68.27 NOTE
r-devel-linux-x86_64-fedora-gcc 0.1.1 57.70 NOTE
r-devel-windows-x86_64 0.1.1 12.00 57.00 69.00 NOTE
r-devel-windows-x86_64-gcc10-UCRT 0.1.1 NOTE
r-patched-linux-x86_64 0.1.1 3.76 42.28 46.04 NOTE
r-patched-solaris-x86 0.1.1 94.70 NOTE
r-release-linux-x86_64 0.1.1 5.42 41.99 47.41 NOTE
r-release-macos-arm64 0.1.1 NOTE
r-release-macos-x86_64 0.1.1 NOTE
r-release-windows-ix86+x86_64 0.1.1 9.00 68.00 77.00 NOTE
r-oldrel-macos-x86_64 0.1.1 OK
r-oldrel-windows-ix86+x86_64 0.1.1 11.00 63.00 74.00 OK

Check Details

Version: 0.1.1
Check: LazyData
Result: NOTE
     'LazyData' is specified without a 'data' directory
Flavors: r-devel-linux-x86_64-debian-clang, r-devel-linux-x86_64-debian-gcc, r-devel-linux-x86_64-fedora-clang, r-devel-linux-x86_64-fedora-gcc, r-devel-windows-x86_64, r-devel-windows-x86_64-gcc10-UCRT, r-patched-linux-x86_64, r-patched-solaris-x86, r-release-linux-x86_64, r-release-macos-arm64, r-release-macos-x86_64, r-release-windows-ix86+x86_64