CRAN Package Check Results for Package shinyfilter

Last updated on 2024-07-13 04:48:49 CEST.

Flavor Version Tinstall Tcheck Ttotal Status Flags
r-devel-linux-x86_64-debian-clang 0.1.1 2.92 22.49 25.41 OK
r-devel-linux-x86_64-debian-gcc 0.1.1 2.03 17.56 19.59 OK
r-devel-linux-x86_64-fedora-clang 0.1.1 33.47 NOTE
r-devel-linux-x86_64-fedora-gcc 0.1.1 30.15 NOTE
r-devel-windows-x86_64 0.1.1 4.00 41.00 45.00 OK
r-patched-linux-x86_64 0.1.1 2.62 22.05 24.67 OK
r-release-linux-x86_64 0.1.1 1.65 22.18 23.83 OK
r-release-macos-arm64 0.1.1 14.00 OK
r-release-macos-x86_64 0.1.1 22.00 OK
r-release-windows-x86_64 0.1.1 5.00 41.00 46.00 OK
r-oldrel-macos-arm64 0.1.1 16.00 OK
r-oldrel-macos-x86_64 0.1.1 20.00 OK
r-oldrel-windows-x86_64 0.1.1 5.00 40.00 45.00 OK

Check Details

Version: 0.1.1
Check: dependencies in R code
Result: NOTE Namespace in Imports field not imported from: ‘reactable’ All declared Imports should be used. Flavors: r-devel-linux-x86_64-fedora-clang, r-devel-linux-x86_64-fedora-gcc