CRAN Package Check Results for Package shinyloadtest

Last updated on 2021-09-28 22:52:21 CEST.

Flavor Version Tinstall Tcheck Ttotal Status Flags
r-devel-linux-x86_64-debian-clang 1.1.0 9.08 54.78 63.86 OK
r-devel-linux-x86_64-debian-gcc 1.1.0 6.87 40.68 47.55 OK
r-devel-linux-x86_64-fedora-clang 1.1.0 81.54 NOTE
r-devel-linux-x86_64-fedora-gcc 1.1.0 70.80 NOTE
r-devel-windows-x86_64 1.1.0 13.00 74.00 87.00 OK
r-devel-windows-x86_64-gcc10-UCRT 1.1.0 NOTE
r-patched-linux-x86_64 1.1.0 5.08 50.94 56.02 OK
r-patched-solaris-x86 1.1.0 103.90 NOTE
r-release-linux-x86_64 1.1.0 8.31 51.21 59.52 OK
r-release-macos-arm64 1.1.0 NOTE
r-release-macos-x86_64 1.1.0 NOTE
r-release-windows-ix86+x86_64 1.1.0 18.00 73.00 91.00 OK
r-oldrel-macos-x86_64 1.1.0 NOTE
r-oldrel-windows-ix86+x86_64 1.1.0 14.00 58.00 72.00 OK

Check Details

Version: 1.1.0
Check: dependencies in R code
Result: NOTE
    Namespaces in Imports field not imported from:
     ‘R6’ ‘scales’ ‘websocket’
     All declared Imports should be used.
Flavors: r-devel-linux-x86_64-fedora-clang, r-devel-linux-x86_64-fedora-gcc, r-devel-windows-x86_64-gcc10-UCRT, r-patched-solaris-x86, r-release-macos-arm64, r-release-macos-x86_64, r-oldrel-macos-x86_64