CRAN Package Check Results for Package shinyscreenshot

Last updated on 2021-10-28 19:52:14 CEST.

Flavor Version Tinstall Tcheck Ttotal Status Flags
r-devel-linux-x86_64-debian-clang 0.1.0 2.17 19.05 21.22 NOTE
r-devel-linux-x86_64-debian-gcc 0.1.0 1.68 15.64 17.32 NOTE
r-devel-linux-x86_64-fedora-clang 0.1.0 39.08 NOTE
r-devel-linux-x86_64-fedora-gcc 0.1.0 26.36 NOTE
r-devel-windows-x86_64 0.1.0 4.00 29.00 33.00 NOTE
r-devel-windows-x86_64-gcc10-UCRT 0.1.0 NOTE
r-patched-linux-x86_64 0.1.0 2.18 19.04 21.22 NOTE
r-patched-solaris-x86 0.1.0 42.00 NOTE
r-release-linux-x86_64 0.1.0 1.96 18.88 20.84 NOTE
r-release-macos-arm64 0.1.0 NOTE
r-release-macos-x86_64 0.1.0 NOTE
r-release-windows-ix86+x86_64 0.1.0 4.00 37.00 41.00 NOTE
r-oldrel-macos-x86_64 0.1.0 OK
r-oldrel-windows-ix86+x86_64 0.1.0 5.00 35.00 40.00 OK

Check Details

Version: 0.1.0
Check: LazyData
Result: NOTE
     'LazyData' is specified without a 'data' directory
Flavors: r-devel-linux-x86_64-debian-clang, r-devel-linux-x86_64-debian-gcc, r-devel-linux-x86_64-fedora-clang, r-devel-linux-x86_64-fedora-gcc, r-devel-windows-x86_64, r-devel-windows-x86_64-gcc10-UCRT, r-patched-linux-x86_64, r-patched-solaris-x86, r-release-linux-x86_64, r-release-macos-arm64, r-release-macos-x86_64, r-release-windows-ix86+x86_64