CRAN Package Check Results for Package siebanxicor

Last updated on 2021-10-19 10:51:07 CEST.

Flavor Version Tinstall Tcheck Ttotal Status Flags
r-devel-linux-x86_64-debian-clang 1.0.0 2.07 21.59 23.66 NOTE
r-devel-linux-x86_64-debian-gcc 1.0.0 1.67 16.55 18.22 NOTE
r-devel-linux-x86_64-fedora-clang 1.0.0 39.51 NOTE
r-devel-linux-x86_64-fedora-gcc 1.0.0 28.26 NOTE
r-devel-windows-x86_64 1.0.0 4.00 32.00 36.00 NOTE
r-devel-windows-x86_64-gcc10-UCRT 1.0.0 NOTE
r-patched-linux-x86_64 1.0.0 2.24 20.56 22.80 NOTE
r-patched-solaris-x86 1.0.0 45.00 NOTE
r-release-linux-x86_64 1.0.0 2.04 21.25 23.29 NOTE
r-release-macos-arm64 1.0.0 NOTE
r-release-macos-x86_64 1.0.0 NOTE
r-release-windows-ix86+x86_64 1.0.0 4.00 36.00 40.00 NOTE
r-oldrel-macos-x86_64 1.0.0 OK
r-oldrel-windows-ix86+x86_64 1.0.0 5.00 35.00 40.00 OK

Check Details

Version: 1.0.0
Check: LazyData
Result: NOTE
     'LazyData' is specified without a 'data' directory
Flavors: r-devel-linux-x86_64-debian-clang, r-devel-linux-x86_64-debian-gcc, r-devel-linux-x86_64-fedora-clang, r-devel-linux-x86_64-fedora-gcc, r-devel-windows-x86_64, r-devel-windows-x86_64-gcc10-UCRT, r-patched-linux-x86_64, r-patched-solaris-x86, r-release-linux-x86_64, r-release-macos-arm64, r-release-macos-x86_64, r-release-windows-ix86+x86_64