CRAN Package Check Results for Package sigQC

Last updated on 2024-06-13 04:52:40 CEST.

Flavor Version Tinstall Tcheck Ttotal Status Flags
r-devel-linux-x86_64-debian-clang 0.1.23 6.76 64.11 70.87 OK
r-devel-linux-x86_64-debian-gcc 0.1.23 0.63 1.75 2.38 ERROR
r-devel-linux-x86_64-fedora-clang 0.1.23 90.94 NOTE
r-devel-linux-x86_64-fedora-gcc 0.1.23 99.85 NOTE
r-devel-windows-x86_64 0.1.23 7.00 64.00 71.00 OK
r-patched-linux-x86_64 0.1.23 5.67 61.95 67.62 OK
r-release-linux-x86_64 0.1.23 7.64 60.65 68.29 OK
r-release-macos-arm64 0.1.23 34.00 OK
r-release-macos-x86_64 0.1.23 55.00 OK
r-release-windows-x86_64 0.1.23 7.00 66.00 73.00 OK
r-oldrel-macos-arm64 0.1.23 13.00 ERROR
r-oldrel-macos-x86_64 0.1.23 16.00 ERROR
r-oldrel-windows-x86_64 0.1.23 9.00 71.00 80.00 OK

Check Details

Version: 0.1.23
Check: package dependencies
Result: ERROR Packages required but not available: 'biclust', 'GSVA' Package suggested but not available for checking: ‘testthat’ See section ‘The DESCRIPTION file’ in the ‘Writing R Extensions’ manual. Flavor: r-devel-linux-x86_64-debian-gcc

Version: 0.1.23
Check: dependencies in R code
Result: NOTE Namespaces in Imports field not imported from: ‘KernSmooth’ ‘MASS’ ‘class’ ‘cluster’ ‘lattice’ ‘nnet’ All declared Imports should be used. Flavors: r-devel-linux-x86_64-fedora-clang, r-devel-linux-x86_64-fedora-gcc

Version: 0.1.23
Check: package dependencies
Result: ERROR Package required but not available: ‘GSVA’ See section ‘The DESCRIPTION file’ in the ‘Writing R Extensions’ manual. Flavors: r-oldrel-macos-arm64, r-oldrel-macos-x86_64